 m - 476 = 5*t - 2039. Suppose t = -7*x + 13*x. What is the units digit of x?
2
Suppose -4*s + 2382 = 766. What is the units digit of s?
4
Let f = 641 + 511. Suppose 0 = 2*s - 11*s + f. What is the hundreds digit of s?
1
Suppose -16*u + 19*u = 18. Let d(f) = -u - 3*f - 5 + f. What is the units digit of d(-8)?
5
Let n(a) = -a**3 - 16*a**2 - 16*a + 3. Let d = -1 - 14. What is the tens digit of n(d)?
1
Suppose 11*f - 1509 = -299. Suppose -108*y = -f*y + 324. What is the units digit of y?
2
Let a(p) = -p**2 + 3*p - 25. Let m be a(0). What is the tens digit of ((-5)/m*-78)/(1/(-10))?
5
Let m(d) = d**3 - 23*d**2 + 2*d - 41. What is the units digit of m(24)?
3
Suppose -3*x - 24 = -3*n, 0 = 2*n + x + 4*x + 19. What is the units digit of 1/(n/219) - 3?
0
Let r = -68 - -480. What is the tens digit of r?
1
Let g(d) = 5*d + 2. Let i = -13 + 9. Let o = 7 + i. What is the units digit of g(o)?
7
Let g(j) be the third derivative of j**5/60 + j**4/4 - 7*j**3/6 + 5*j**2. Let f be g(-5). What is the units digit of (-88)/f + 6/9?
8
Let i = -66 + 66. Suppose -3*q + 154 - 34 = i. What is the units digit of q?
0
Suppose 152*q = 153*q - 4119. What is the thousands digit of q?
4
Let u = 168 + -126. Suppose -4*z = -3*l + z - 102, 3*l + 96 = 3*z. Let r = u + l. What is the tens digit of r?
1
Let m = 1970 + -645. What is the tens digit of m?
2
Suppose 3*n - 16 = -5*n. Suppose -n*l + 530 = 3*z, -4*z - 3*l = -0*z - 708. What is the hundreds digit of z?
1
Let w(a) = 6*a + 40 - 3*a - 4*a + 38*a**2 - 41. Let v be w(-1). What is the units digit of 1*v + (8 - 11)?
5
Suppose -x + 17 = 6. Let y(r) = r**3 - 11*r**2 + 9*r - 3. Let d be y(x). Suppose -237 = -4*h + 3*o, -5*h + 401 = -2*o + d. What is the units digit of h?
3
Let n = -29 + 13. Let u = -16 - n. Suppose 13 = 2*g - q, 4*g + q + 1 - 12 = u. What is the units digit of g?
4
Let c = -904 + 1559. What is the tens digit of c?
5
Let z(m) be the third derivative of m**4/12 + 26*m**3/3 + 3*m**2. What is the units digit of z(-21)?
0
Let q be 1797/15 - (-1)/5. Suppose -3*y - 174 = -183. Suppose -y*t = -8*t + q. What is the units digit of t?
4
Suppose -6505 = -2*s - 3*w, 0 = -3*s + 136*w - 138*w + 9750. What is the hundreds digit of s?
2
Suppose 5*s - 31 = 4*i, -13 = 3*s + 4*i - 6. What is the tens digit of (-4)/(-10) - (s - 1815/25)?
7
Suppose 4*x - q = -40 + 109, -4*x - 5*q + 63 = 0. Let o = 320 - 320. Suppose o = -0*k - k + x. What is the units digit of k?
7
Suppose 450 + 430 = u + 5*k, 4*u - 3520 = -3*k. What is the tens digit of u?
8
Let f(h) = h + 2. Let x be f(8). Let c = x + -5. Suppose r = -c*q + 27, -3*q = q - r - 27. What is the units digit of q?
6
Suppose -4*q - 5*g - 21 - 4 = 0, 2*q - 20 = 4*g. What is the units digit of 1*(10 - (1 - q))?
9
Let i(z) = -z**3 + z**2 + 2*z + 4. Let o be i(3). Let s(a) = a**2 + a - 1. Let x be s(-4). Let w = x - o. What is the units digit of w?
9
Suppose 3*f = -3*t + 417, -2*t - 2 = -0*t. What is the tens digit of f?
4
Let s be -21*(8/(-3))/(-4). Let r be ((0 - -2) + 6)/(-1). Let d = r - s. What is the units digit of d?
6
Let o be (-2 - 24/(-14))/(17/(-119)). What is the units digit of o + ((-1401)/(-8) - 1/8)?
7
Suppose 4*l - 30 = 4*y + 6*l, 3*y - l + 10 = 0. Let c = y + 9. Suppose 52 = 3*j - 5*h, -5*h = -c*j + 8 + 58. What is the tens digit of j?
1
Let g = 115 + -100. Let m = g + 64. What is the tens digit of m?
7
Let v = -133 - -137. What is the units digit of v?
4
What is the units digit of (238 - (-2 - 1)) + -1?
0
What is the units digit of (-11)/(88/(-20))*146*1?
5
What is the units digit of (-6 + -1)*141/(-3)?
9
Suppose -2*f - 7 - 7 = 0. What is the units digit of -3*(14/6)/f?
1
Let j = 174 - 15. Suppose -18 - j = -q. What is the tens digit of q?
7
Let a(n) = 5*n**3 - n - 4*n**2 - 3*n**2 - 5*n**2. Let l(i) = i**3 - i**2 - 1. Let s(r) = -a(r) + 6*l(r). What is the units digit of s(-3)?
8
Let b(j) = 26*j - 24. What is the hundreds digit of b(23)?
5
Suppose 570*a + 30 = 576*a. Let l(b) = 18*b - 5 - 3*b + b. What is the tens digit of l(a)?
7
Let c = -21 - -34. Let w = -4 - -5. Let a = c - w. What is the units digit of a?
2
Suppose -9*y + 4*t - 2868 = -14*y, -5*y + 2889 = -3*t. What is the units digit of y?
6
What is the tens digit of 2*2/(6/1473)?
8
Suppose -46*z = -31757 - 1777. What is the units digit of z?
9
Suppose -11*d + 310 + 1065 = 0. What is the hundreds digit of d?
1
Let o(h) = -h**2 - 12*h + 13. Let s be o(-13). Suppose 0 = -4*u - 0*i - 3*i - 1, s = 3*u + 5*i + 9. Suppose -4 = u*l - 6. What is the units digit of l?
1
Let a(g) = 2*g**2 - 2*g + 2571. What is the tens digit of a(0)?
7
Suppose -14793 - 5967 = -40*c. What is the hundreds digit of c?
5
Let z = -153 - -237. Suppose -d = 2*d - 5*j - z, 3*d = j + 96. What is the units digit of d?
3
What is the tens digit of -5 + (-6 - -2079) + -4 + -5?
5
Let f be 80/15*6/4. Let o = -6 + f. What is the units digit of o?
2
Let h = 5 - 3. Suppose -184 + 64 = -h*w. Let a = w - 33. What is the tens digit of a?
2
Suppose 13*b = 10*b - 135. Let s = b - -75. What is the units digit of s?
0
What is the units digit of (-11)/(-55) + (-7842)/(-15)?
3
What is the units digit of 289/((-595)/60 - -10)?
8
Let l be (-4706)/(-117) + 1/(18/(-4)). Let t = 55 - l. What is the tens digit of t?
1
Let f = -702 - -678. Suppose -2*j - 21 = 4*c - 249, 0 = 5*c + 3*j - 285. Let y = c + f. What is the units digit of y?
3
What is the hundreds digit of (2 - 2770/(-5)) + 3?
5
Let n be 4/6 + 348/(-9). Let x = n + 128. What is the units digit of x?
0
Suppose 3*m = -30 - 18. Let y = -11 - m. What is the units digit of y?
5
What is the units digit of (-31968)/(-78) - (-6)/39?
0
Let l(h) = h**3 - 28*h**2 + 16*h - 12. What is the units digit of l(28)?
6
Let b(s) = -10*s - 9. Let d be b(-14). Let g = -70 + d. Suppose 13 = -2*j + g. What is the tens digit of j?
2
Suppose 0*u + 1040 = 5*u. Suppose 5*d + u = 9*d. What is the tens digit of d?
5
Suppose -4 - 1 = -5*l. Let f be -1 + 0 + (-4 - -11). Let w = l + f. What is the units digit of w?
7
Let c be (1/(-2))/(3/30). Let w = 8 + c. Suppose r - 10 = w. What is the units digit of r?
3
Let t be 82*(-2 - -3) - (-4)/2. Suppose 4 = -j - 0, -4*f + t = j. What is the tens digit of f?
2
Let z = 6537 - 2509. What is the tens digit of z?
2
Suppose -6*y + 32 = 2*y. What is the units digit of y - 0/(-2)*(-2)/6?
4
Let x(q) = -172*q + 4. Let r be x(-4). Suppose -260 = -5*c + 2*i - r, -2*i = -c - 80. What is the tens digit of (c/(-10))/(1/5)?
4
Suppose -8*b = -7435 - 10701. What is the thousands digit of b?
2
Suppose -132 = 4*x - 112. Let k(t) = -2*t**3 - 9*t**2 - 11*t + 2. What is the units digit of k(x)?
2
Let o(i) = i**3 + 7*i**2 + 3*i - 11. Let n be o(-5). Let x = -11 + n. What is the units digit of x?
3
Suppose -5*p - 35 = -5*k, 2*p = -5*k + 7 + 14. Let b(c) = 12*c - 3 + 2 + 5 + 0. What is the units digit of b(k)?
4
Let i be (2 + -27)*(-28)/(-10). Suppose -41 = 2*a + 55. Let g = a - i. What is the tens digit of g?
2
Let s(w) = -w**2 + w + 12. Suppose f + f = 0. What is the tens digit of s(f)?
1
Let y(k) = -77*k + 9. Let w be y(4). What is the hundreds digit of 2*5*w/(-26)?
1
Suppose 0 = -n - 0 + 30. Let c(g) = -4*g**2 + 3*g. Let a be c(2). Let j = n + a. What is the units digit of j?
0
Let i be 3/(-6)*326/(-1). Suppose -3*t + 248 = 4*z + 2*t, -3*z + i = -2*t. What is the units digit of z?
7
Suppose 18 = 7*j - j. Suppose -j*i - 81 = 42. Let f = i - -82. What is the tens digit of f?
4
Let h be 2/(-16) - 3/(-24)*-87. Suppose -4*r + 76 = 4*y, -3*y = 2*r + 3*r - 97. Let g = h + r. What is the units digit of g?
9
Let m(j) = -2*j**3 + 5*j**2 + 2*j - 49. What is the tens digit of m(-8)?
7
Suppose -5*t = 20 - 0. What is the units digit of 100 + t + (1 - -2)?
9
Let a(j) = -j**3 - 14*j**2 - 5*j - 25. What is the tens digit of a(-14)?
4
Let w(l) = -1520*l + 56. What is the hundreds digit of w(-1)?
5
Suppose 14 = -3*r + 29. Suppose n + 4*q + 17 = -4, -215 = r*n - 2*q. Let i = -24 - n. What is the units digit of i?
7
Let u = 2249 + 22. What is the units digit of u?
1
Let a be (12/(-4) - -3)*1. Suppose n - 3 + 1 = a. What is the tens digit of (3/n - -1)*4?
1
Let h = -41 - -70. Let x = h + -16. Suppose -x*r + 12*r + 43 = 0. What is the tens digit of r?
4
Suppose -92*d - 19103 = -4*o - 95*d, 5*o - 23877 = -2*d. What is the thousands digit of o?
4
Let 